18))/(1/12)?
11
Let n(p) = 3*p + 18. Let r be n(6). Let t = -31 + r. Calculate the remainder when 53 is divided by t.
3
Let m = -11 + 63. Suppose 0 = 3*l - 4588 + 4504. Calculate the remainder when m is divided by l.
24
Let p(k) = -k**2 + k - 2. Let g be p(0). Let b(o) = 17*o**2 - 2*o - 6. What is the remainder when b(g) is divided by 17?
15
Let p(h) = -h**2 + 18*h - 8. What is the remainder when 21 is divided by p(17)?
3
What is the remainder when (-1 + 2)/(118/(-24) - -5) is divided by 12?
0
Suppose 130 = 5*g - 5*f, -119*f + 116*f = -2*g + 56. What is the remainder when (2/6)/(2/222) is divided by g?
15
Suppose -2*i - 3*r = -70 - 51, -3*r - 189 = -3*i. What is the remainder when i is divided by 23?
16
Let f = 12 + -10. Let p be (56 - -1)*(f + -3). Calculate the remainder when 12/18*p/(-2) is divided by 11.
8
Let j = 56 - 15. Calculate the remainder when j is divided by (-15 - 63)/(-13) - -15.
20
Let f(y) = -y**2 + 9*y + 76. What is the remainder when 321 is divided by f(14)?
3
Suppose -5711 = -6*u + u + r, 0 = -2*u - 5*r + 2279. What is the remainder when u is divided by 11?
9
Let p(u) = u**3 - u**2 - 2*u. Let q be (-2 - -4)/((-2)/(-3)). Suppose q*f = -0*f + 138. What is the remainder when f is divided by p(3)?
10
Let h(i) = i**2 + 19*i + 20. Let p be h(-18). Let n(z) = 2*z**3 - 4*z**2 + 4*z - 2. What is the remainder when 20 is divided by n(p)?
2
Let k = 723 - 408. What is the remainder when k is divided by 106?
103
Suppose y = -2 + 23. Suppose 0 = 2*x - 5*h - 23, -5*x + 3*h = -65 - y. Suppose p - 50 = -x. Calculate the remainder when p is divided by 8.
7
Let o(x) = 4*x**2 - 12*x + 23. Let g be o(7). Let i = g - 101. Calculate the remainder when i is divided by ((-36)/10)/(2/(-10)).
16
Let b(y) = 70*y**3 + 2*y - 2. Calculate the remainder when b(1) is divided by 7.
0
Let m(h) = 2*h**3 + h**2 - 2*h + 1. Suppose -2 + 22 = 5*w. Suppose -w*x - 6 + 66 = 0. What is the remainder when m(3) is divided by x?
13
Let n(t) = 4*t**3 + 2*t**2 - 1. Let q be n(1). Suppose -q*i + 1 = -54. Suppose 0 = -4*r + 28 + 144. Calculate the remainder when r is divided by i.
10
Let d = 209 - 207. Calculate the remainder when 111 is divided by d.
1
Suppose -4*o + 4*a - 748 = 0, -o - 5*a = 59 + 110. Let p = o + 331. What is the remainder when 7 is divided by (-1)/4 + p/28?
2
Let t(j) = 2*j**2 + 5*j + 3. Calculate the remainder when 101 is divided by t(3).
29
Let v(i) = 2*i**3 - 66*i**2 - 69*i + 48. Let g = -71 + 109. What is the remainder when g is divided by v(34)?
10
Let w(d) = d**3 + 12*d**2 + 26*d + 6. Calculate the remainder when 77 is divided by w(-4).
17
Let c(l) = 2*l**3 - l**2 + 4*l. Let q(z) = 64*z**2 + 4*z + 3. What is the remainder when q(-1) is divided by c(2)?
3
Let n = 1541 - 797. Let r = -29 + 43. Calculate the remainder when n/14 - 4*(-5)/(-140) is divided by r.
11
Let v = 23 - 18. Suppose -52 = -v*b + b. Calculate the remainder when 49 is divided by b.
10
Let s = -135 - -146. Calculate the remainder when s is divided by 6.
5
Suppose -4*u - 10*z = -5*z - 75, 81 = 5*u + 2*z. Calculate the remainder when 325 is divided by u.
10
Let q(u) = -7*u**3 - 18*u**2 - 4*u + 21. Let c(k) = -k**3 - k**2 - k - 1. Let x(z) = -6*c(z) + q(z). What is the remainder when x(-13) is divided by 43?
41
Suppose -5*m = -m. Suppose -5*s + m*f + 29 = f, -s = -3*f - 9. What is the remainder when 10 is divided by s?
4
Let f = 139 + -94. Let p be f/(-6)*(-2)/(-3). Let j = p + 9. Calculate the remainder when 5 is divided by j.
1
Suppose 756 = -6*y - 144. Calculate the remainder when (-4370)/y - (-2 + 64/30) is divided by 9.
2
Calculate the remainder when 5*(-5 + 776/20) is divided by 54.
7
Suppose 94 = 12*j - 62. What is the remainder when j is divided by 5?
3
Let q(x) = -4*x - 67. Let b be q(-18). What is the remainder when 30 is divided by (-4)/b + (-1012)/(-115)?
6
Suppose 0 = -f + 2*f - 45. Let l = 62 - f. What is the remainder when 65 is divided by l?
14
Suppose 23*j - 420 = 661. Calculate the remainder when 118 is divided by j.
24
Suppose 145*o = 148*o - 840. Calculate the remainder when o is divided by 25.
5
Let v(g) = -3*g - 24. Let d be v(-9). Suppose 113 = 4*b + 3*s, -d*b + s + 2*s + 69 = 0. What is the remainder when 46 is divided by b?
20
Let o = 31 - 7. Suppose -6*x + 20 = -2*x. Suppose -x*s + 46 = -o. What is the remainder when 26 is divided by s?
12
Let p(m) = m**2 - 42*m + 258. Suppose -3*n = 2*n - 115. Calculate the remainder when n is divided by p(35).
10
Let n = -1 - -1. Suppose n = -2*x + 12 - 0. Suppose d = 25 + x. Calculate the remainder when d is divided by 8.
7
Let n(z) = z**2 + 2*z + 4. Suppose 1212*f = 1236*f - 480. What is the remainder when f is divided by n(-3)?
6
Let m = -12 + 19. Let a = m - 1. Let r = a - -7. Calculate the remainder when r is divided by 4.
1
Suppose -40 = -n + 2*y, -y + 145 = 5*n - 0*n. What is the remainder when (-3 - (-230 + -7))/(6 - 4) is divided by n?
27
Suppose d + 329 + 304 = 3*h, 2*h = -5*d + 422. Calculate the remainder when h is divided by 63.
22
Let u(x) = 75*x + 242. Suppose -5*s + 11 = -3*b + 155, -4*b + s = -192. What is the remainder when b is divided by u(-3)?
14
Let b(h) = 20*h**2 - 1. What is the remainder when b(1) is divided by (-4)/(16/(-36)) - (0 - 2)?
8
Suppose -48*j = -1457 - 1615. Calculate the remainder when 125 is divided by j.
61
Let t = -19 + 28. Suppose 0 = -5*c - 5*i + 520, -c + 6*c - 527 = 2*i. What is the remainder when c is divided by t?
6
What is the remainder when 15 is divided by (-4)/(-20) + 234/30?
7
Let i(u) = -2*u**3 + 56*u**2 - 47*u - 157. Calculate the remainder when 1246 is divided by i(27).
30
Let b = 116 + -70. Calculate the remainder when b is divided by 25.
21
Let w be (12/(-8))/((-3)/8). Let v = w - -5. Calculate the remainder when 44 is divided by v.
8
Suppose z + 2*q + 4 = 0, 5*z + 3*q - 17 + 2 = 0. Suppose -15*y + z = d - 14*y, -5*d = -3*y - 62. What is the remainder when 98 is divided by d?
8
What is the remainder when (-2)/11 + ((-12372)/(-44) - -4) is divided by 24?
21
Suppose -8 = y - 29. Suppose -8*n + 99 = n. Suppose n*d = -4*d + 90. What is the remainder when y is divided by d?
3
Suppose -102 = -39*l + 1185. What is the remainder when 158 is divided by l?
26
Suppose -410 = -3*v + 4*x, 3*x - 375 = 6*v - 9*v. What is the remainder when v is divided by 19?
16
Suppose 0 = 44*k - 176 - 132. Calculate the remainder when 1040 is divided by k.
4
Let c = 490 - 266. What is the remainder when c is divided by 45?
44
Let t(p) = p**2 + 2*p + 3. Suppose 0 = -11*u + 18*u - 539. Suppose -4*i = 3*f - 14, 4*f - 3*i = u - 25. What is the remainder when t(-5) is divided by f?
8
Let d(j) = j**2 - 2*j - 7. Let s(i) = i**3 + 4*i**2 + 3*i + 2. Let b be s(-3). What is the remainder when d(-6) is divided by 3 + 0 - (b - 10)?
8
Let z be 6/21 - (8/28 + 0). Suppose 2*v + z*v = a - 36, v + 72 = 2*a. What is the remainder when 71 is divided by a?
35
Suppose 0 = 34*f - 238 + 68. Calculate the remainder when 14*(40/14 + -2) is divided by f.
2
Let x(l) = l**3 + 22*l**2 + 18*l + 2. Let b be x(-21). Let v = 74 - b. Calculate the remainder when 16 is divided by v.
7
Suppose -y + 64 = -3. What is the remainder when y is divided by 14?
11
Let f(u) = -14*u - 395. Calculate the remainder when f(-29) is divided by 2.
1
Let v = -8 - 86. Let d = v - -12. Let f = -21 - d. Calculate the remainder when f is divided by 16.
13
Let n = 31 - 51. Let f = n - -67. Suppose 16 = -x + f. Calculate the remainder when 123 is divided by x.
30
Suppose -5 + 20 = 5*p. Suppose b + 4 = p. Let v = b + 3. Calculate the remainder when 6 is divided by v.
0
Let n be -71 - (-2)/(-5)*5. Let k = n + 168. What is the remainder when k is divided by 24?
23
Suppose -4*k + 266 + 46 = 0. Suppose -6*b + 3*b = -k. Calculate the remainder when 103 is divided by b.
25
Let h(q) = 18*q**2 - 2*q. Let o be h(-1). Calculate the remainder when 109 is divided by (-4)/o - (-111)/5.
21
Suppose b + 0*b = -g + 164, -4*g + 4*b = -640. Calculate the remainder when g is divided by 56.
50
Let b(c) = 16*c**2 - 2*c - 4. Calculate the remainder when b(-2) is divided by 49.
15
Let s(b) = 18 - 29 - 2*b + 22. Let x be s(12). What is the remainder when (1 - 5)/(x/26) is divided by 3?
2
Let a = 19 + 3. Let z(s) = 85*s**3 - 2*s**2 + s. Calculate the remainder when z(1) is divid